 + 20*t - 97. Calculate j(12).
-1
Let i(z) = -z**3 + 16*z**2 - 29*z + 10. Determine i(14).
-4
Let s(y) = 2*y**2 - 12*y + 14. Calculate s(6).
14
Let p(n) = n**3 + 13*n**2 - 17*n + 17. Calculate p(-14).
59
Let w(d) = -15*d**2 + 2*d - 6. Determine w(-3).
-147
Let w(q) = 12*q + 114. What is w(-11)?
-18
Let o(h) = h**3 - 6*h**2 + 9*h - 12. What is o(3)?
-12
Let r(j) = -56*j - 331. What is r(-6)?
5
Let m(r) = -r**2 - 3*r. What is m(3)?
-18
Let z(h) = -h**3 + 10*h**2 + 39*h + 18. What is z(13)?
18
Let h(n) = -n**2 - 20*n + 72. Calculate h(-23).
3
Let l(p) = -2*p**2 - 46*p + 52. Determine l(-24).
4
Let g(p) = -p**2 + 6. What is g(-4)?
-10
Let w(q) = -28*q**2 - 2*q + 2. What is w(1)?
-28
Let g(n) = 4*n - 58. Give g(18).
14
Let v(k) = k - 51. Determine v(0).
-51
Let b(s) = 6*s - 1. Determine b(-1).
-7
Let v(x) = 8*x + 1. What is v(-9)?
-71
Let q(z) = 2*z**3 - 4*z**2 + 6*z - 3. Give q(2).
9
Let d(w) = -w**3 + 6*w**2 - 6*w - 4. Calculate d(5).
-9
Let a(z) = -z**3 - 18*z**2 - 16*z - 3. What is a(-17)?
-20
Let u(o) = o**3 - 7*o**2 - 8*o - 8. Give u(8).
-8
Let k(m) = m**3 + 3*m + 2. Give k(3).
38
Let q(i) = -11*i - 16. Calculate q(6).
-82
Let u(y) = -4*y - 13. Determine u(-7).
15
Let v(c) = -c**3 + 17*c**2 - 23*c + 109. Calculate v(16).
-3
Let m(f) = 8*f - 3. Determine m(-6).
-51
Let h(k) = -k**2 - 57*k - 268. Calculate h(-52).
-8
Let h(l) = -3*l - 1. Determine h(-4).
11
Let o(t) = t**2 - 6*t + 6. Give o(5).
1
Let d(m) = -3*m**2 + 18*m - 7. Give d(6).
-7
Let v(b) = b**2 + 5*b - 3. What is v(-5)?
-3
Let s(a) = -a**3 - 6*a**2 + 9*a + 5. Determine s(-7).
-9
Let n(g) = 6*g - 134. Determine n(23).
4
Let z(u) = 2*u**2 - 3*u + 2. Give z(2).
4
Let n(d) = 2*d - 93. What is n(38)?
-17
Let h(z) = z**3 + 15*z**2 + 34*z - 4. Determine h(-3).
2
Let j(k) = -2*k + 15. Give j(4).
7
Let v(b) = 5*b**3 + 5*b**2 - 5*b. What is v(2)?
50
Let m(j) = j**2 - 8*j + 7. Determine m(5).
-8
Let i(q) = 2*q + 3. What is i(6)?
15
Let z(c) = -c. Determine z(-7).
7
Let s(c) = -c**3 - 9*c**2 + 8*c + 140. What is s(-5)?
0
Let t(n) = n**3 + 14*n**2 - 12*n + 14. Give t(-15).
-31
Let v(z) = -2*z - 18. Give v(-19).
20
Let q(z) = -z**2 + 80*z - 1118. What is q(18)?
-2
Let u(q) = 13*q - 110. Determine u(8).
-6
Let m(p) = -p**2 - 91*p + 291. Determine m(3).
9
Let h(n) = n**2 - 5*n - 3. Calculate h(6).
3
Let h(k) = -k**3 + 13*k**2 - 22*k - 11. What is h(11)?
-11
Let c(g) = 2*g - 1. Give c(-6).
-13
Let k(l) = l - 5. What is k(5)?
0
Let f(a) = -a**3 - 10*a**2 - 8*a - 15. Calculate f(-8).
-79
Let f(d) = -d**3 - 8*d**2 + 4*d - 16. What is f(-9)?
29
Let z(f) = f**2 + 11*f + 1. Give z(-8).
-23
Let l(i) = 37*i - 49. Determine l(4).
99
Let m(b) = b**2 - 15*b + 21. Calculate m(14).
7
Let p(q) = q**2 - 4*q - 43. Determine p(-5).
2
Let n(r) = 60*r - 96. Calculate n(2).
24
Let r(m) = 4*m**2 + m - 2. Calculate r(1).
3
Let x(l) = 18*l + 1. Determine x(-1).
-17
Let r(w) = w + 5. Give r(-10).
-5
Let n(l) = 2*l**2 + 13*l - 4. Determine n(-7).
3
Let n(r) = -r**2 - 11*r + 21. Give n(-13).
-5
Let o(u) = 4*u**2 + 2*u - 1. What is o(2)?
19
Let n(g) = g**2 + 6*g - 7. Determine n(-6).
-7
Let n(s) = s**2 - 25*s + 22. Calculate n(15).
-128
Let x(t) = 63*t - 3. Give x(1).
60
Let d(o) = -3*o - 8. Give d(-2).
-2
Let m(a) = -13*a + 34. Give m(3).
-5
Let h(v) = -v**3 - v**2 + 15*v + 17. Give h(-4).
5
Let z(r) = 3*r**2 + 2*r + 1. Give z(-1).
2
Let j(u) = -u**3 - 3*u**2 + 8*u + 6. Determine j(-5).
16
Let l(n) = -n**2 + n. Give l(-2).
-6
Let k(j) = -j - 2. Determine k(-3).
1
Let f(o) = -o**3 - 9*o**2 - 13*o + 6. Give f(-7).
-1
Let n(g) = 9*g**3 + g**2 + g - 1. Calculate n(-1).
-10
Let k(g) = 3*g + 62. What is k(-20)?
2
Let u(x) = x**3 - 7*x**2 + 6*x - 6. Calculate u(4).
-30
Let b(z) = 3*z**2 + 10*z + 4. Give b(0).
4
Let z(n) = -5*n - 57. Determine z(-13).
8
Let h(x) = 13*x - 2. Determine h(-2).
-28
Let u(t) = 28*t**2 + t + 4. Calculate u(-2).
114
Let f(y) = -2*y**2 + 7. Determine f(-4).
-25
Let k(h) = -h - 9. Determine k(-10).
1
Let j(r) = -r**3 - 5*r**2 - 4*r - 3. What is j(-3)?
-9
Let f(x) = -x - 1. What is f(15)?
-16
Let z(g) = -g**3 + g**2 + 3*g - 9. Give z(0).
-9
Let o(x) = -2*x + 20. Calculate o(7).
6
Let n(u) = u**2 + 7*u - 20. Calculate n(-9).
-2
Let t(y) = -y**3 - 11*y**2 - 6*y + 14. Determine t(-10).
-26
Let s(y) = y + 35. What is s(-12)?
23
Let m(s) = -s**2 + 1. Calculate m(0).
1
Let z(p) = -6*p**2 + 19*p - 25. What is z(6)?
-127
Let v(f) = -32*f**2 + 92*f + 1. Give v(3).
-11
Let i(y) = -5*y + 146. Calculate i(31).
-9
Let c(g) = -2*g**2 - 8*g + 5. What is c(-6)?
-19
Let l(f) = f**3 + 24*f**2 - 27*f - 51. Calculate l(-25).
-1
Let i(k) = -2*k - 13. Calculate i(8).
-29
Let v(o) = -3*o**3 + 2*o**2 + 2*o + 1. Give v(-1).
4
Let o(c) = -2*c + 11. What is o(7)?
-3
Let p(a) = -a**3 - 23*a**2 - 43*a - 33. Determine p(-21).
-12
Let h(l) = -l**3 + 40*l**2 - 35*l - 156. What is h(39)?
0
Let j(k) = -10*k**2 - k. Determine j(1).
-11
Let k(y) = -y**3 + 8*y**2 - 9*y + 5. What is k(6)?
23
Let n(q) = q**3 + 10*q**2 + 10*q - 3. What is n(-9)?
-12
Let x(g) = -20*g - 96. Give x(-5).
4
Let a(c) = -c**2 - 17*c + 75. Calculate a(-20).
15
Let n(o) = o**3 - 18*o**2 - 14*o - 47. Determine n(19).
48
Let j(t) = t**3 - 28*t**2 - 29*t + 16. Give j(29).
16
Let j(t) = -10*t - 2. What is j(-2)?
18
Let o(v) = -31*v + 159. What is o(6)?
-27
Let w(u) = -u**2 + 2. Determine w(2).
-2
Let t(u) = u**2 + 2*u - 6. Give t(2).
2
Let t(y) = -y**3 + 6*y**2 + 11*y - 8. Give t(7).
20
Let f(z) = z**2 + 5*z - 5. Give f(-8).
19
Let j(n) = -3*n - 39. Determine j(-13).
0
Let p(m) = -m**3 - 45*m**2 + 43*m - 146. Give p(-46).
-8
Let w(r) = 49*r**3 - 2*r**2 - 2*r - 1. What is w(-1)?
-50
Let a(z) = -z**2 + 4*z + 12. What is a(7)?
-9
Let x(o) = 10*o**3 + 2*o**2 + 2*o - 1. What is x(-2)?
-77
Let p(z) = 3*z + 17. Determine p(0).
17
Let l(q) = -3*q**2 + 2*q + 2. Give l(-2).
-14
Let n(i) = -2*i**3 - 21*i**2 + 13*i + 27. What is n(-11)?
5
Let v(z) = -13*z - 118. Calculate v(-10).
12
Let g(m) = -m**2 + 10*m - 18. Determine g(5).
7
Let m(g) = -g**2 - 34*g - 74. Determine m(-31).
19
Let i(o) = 3*o + 10. What is i(-7)?
-11
Let f(v) = -v**2 - 43*v + 150. Give f(-46).
12
Let k(t) = 18*t + 49. Determine k(-3).
-5
Let y(a) = -a**2 - 4*a + 137. Determine y(10).
-3
Let c(q) = q**2 - q + 7. What is c(0)?
7
Let h(p) = -p**2 + 19*p - 4. Determine h(19).
-4
Let y(t) = t**2 - 29*t - 56. Give y(31).
6
Let x(t) = t**3 - t + 31. Give x(0).
31
Let t(b) = 2*b**3 - 15*b**2 + 6*b + 1. Determine t(7).
-6
Let x(i) = i**3 + 30*i**2 + 55*i - 14. Give x(-28).
14
Let d(p) = 9*p**2 - p - 1. Calculate d(-1).
9
Let m(p) = p**3 - 3*p - 3. Give m(2).
-1
Let y(i) = 2*i + 39. Give y(-12).
15
Let u(h) = -23*h + 8. Determine u(3).
-61
Let b(i) = 9*i**3 + 2*i**2. Calculate b(-1).
-7
Let b(j) = -4*j - 3. Give b(10).
-43
Let q(g) = 6*g + 188. What is q(-30)?
8
Let v(l) = 23*l**2 - 89*l - 13. Determine v(4).
-1
Let c(t) = -3*t**2 + 39*t + 4. Determine c(13).
4
Let t(v) = -v**3 + v**2 + 10*v + 5. Determine t(-3).
11
Let f(k) = k**3 + 40*k**2 + 10. Give f(-40).
10
Let a(k) = 10*k. Determine a(-1).
-10
Let k(a) = 42*a - 49. Determine k(1).
-7
Let u(p) = -p + 1. Determine u(8).
-7
Let q(d) = 3*d**2 - 29*d + 6. Determine q(13).
136
Let a(g) = g**2 - 10*g - 2. Determine a(4).
-26
Let y(g) = 3*g + 42. What is y(-5)?
27
Let g(l) = -l**3 + 14*l**2 + 15*l - 6. Determine g(15).
-6
Let s(a) = -233*a + 706. Determine s(3).
7
Let n(l) = -24*l**3 - 2*l**2 - l + 2. Calculate n(1).
-25
Let r(z) = -z**2 - 8*z + 6. Give r(-9).
-3
Let w(p) = 5*p**2 - 2*p - 2. Calculate w(-2).
22
Let b(c) = -c - 4. Determine b(-15).
11
Let d(l) = -l**3 - 7*l**2 - 5*l + 7. Determine d(-6).
1
Let k(y) = 3*y - 41. Give k(0).
-41
Let p(g) = -4*g + 31. Calculate p(-2).
39
Let a(c) = -c**3 + 3*c**2 + 8*c - 10. Give a(4).
6
Let m(n) = 4*n**2 + 139*n + 85. Give m(-34).
-17
Let v(o) = o**2 - 11*o - 16. Give v(11).
-16
Let x(u) = -2*u**2 - 8*u - 36. What is x(-12)?
-228
Let v(k) = 2*k**2 - 3*k + 1. What is v(4)?
21
Let k(g) = -5*g + 6. Give k(-6).
36
Let k(x) = -x**3 + 5*x**2 + 4*x + 8. Calculate k(6).
-4
Let m(s) = 21*s**2 - 2*s + 2. Give m(1).
21
Let b(p) = 20*p + 2. Give b(1).
22
Let i(j) = -j**3 - 35*j**2 + j + 25. Determine i(-35).
-10
Let b(w) = -67*w + 5. Give b(0).
5
Let p(x) = -5*x**2 - 5*x - 2. Determine p(-3).
-32
Let o(g) = -g**2 + 7*g + 5. Determine o(8).
-3
